-64)?
-849
Let w(j) = -j**3 - 22*j**2 - 102*j - 852. Calculate w(-19).
3
Let o(v) = -1928*v + 5792. Calculate o(3).
8
Let o(j) = -621*j**2 - 18*j - 16. Give o(-1).
-619
Let k(u) = -812*u - 5204. Determine k(-6).
-332
Let i(y) = 77*y - 3773. Calculate i(49).
0
Let m(k) = 3*k**3 + 85*k**2 + 31*k + 88. Calculate m(-28).
4
Let h(x) = 8*x**2 + 258*x + 761. Calculate h(-3).
59
Let g(m) = m**2 + 72*m + 1110. Calculate g(-17).
175
Let g(b) = 22*b**3 - 4*b**2 + 4*b - 2. Give g(2).
166
Let d(w) = 48*w**2 - 5673*w + 1057. What is d(118)?
-5
Let w(j) = -j**2 - 60*j + 832. Calculate w(13).
-117
Let d(f) = f**2 + 19*f - 4349. Give d(-76).
-17
Let v(a) = -a**3 + 120*a**2 + 241*a + 287. What is v(122)?
-79
Let y(w) = -2*w**3 - 11*w**2 - 25*w + 2. Calculate y(-3).
32
Let b(w) = -5*w**2 + 150*w + 131. What is b(31)?
-24
Let a(g) = g**3 + 31*g**2 + 176*g - 430. Calculate a(-22).
54
Let y(o) = -o**3 + 57*o**2 - 57*o - 8. What is y(56)?
-64
Let s(h) = 10*h - 143. Determine s(32).
177
Let q(a) = 4*a**3 + 42*a**2 + 23*a + 14. Give q(-10).
-16
Let c(l) = -3*l**3 - 44*l**2 - 71*l - 84. Give c(-13).
-6
Let z(n) = n**3 + 41*n**2 + 259*n - 32. What is z(-8)?
8
Let w(l) = 8*l**2 - 19*l - 42. What is w(-2)?
28
Let n(u) = 4*u**2 - 38*u + 49. Give n(8).
1
Let d(t) = -2693*t - 24250. Calculate d(-9).
-13
Let u(l) = -4*l**2 + 58*l + 625. Determine u(23).
-157
Let q(n) = n**3 + 12*n**2 - 5*n + 101. Calculate q(-13).
-3
Let m(u) = -48*u**2 + 5*u - 9. Calculate m(1).
-52
Let n(p) = 614*p - 1231. Give n(2).
-3
Let k(z) = 3*z**3 + 22*z**2 - 7*z + 92. What is k(-8)?
20
Let o(n) = -n**2 + 22*n - 165. What is o(6)?
-69
Let g(f) = -f**3 + 39*f**2 + 71*f + 474. Give g(41).
23
Let l(z) = -z**3 - 8*z**2 - 23*z - 9. What is l(-6)?
57
Let n(o) = 476*o + 18508. What is n(-39)?
-56
Let a(l) = l**2 - 14*l - 20. What is a(11)?
-53
Let y(j) = 2*j**2 - 146*j - 626. Calculate y(-4).
-10
Let s(n) = -589*n + 8967. What is s(15)?
132
Let w(h) = 76*h - 1816. Calculate w(24).
8
Let p(k) = 42*k - 315. What is p(7)?
-21
Let s(q) = -q**2 - 22*q - 34. Calculate s(-20).
6
Let v(l) = -3*l**3 - 16*l**2 + l - 68. Give v(-6).
-2
Let s(c) = c**2 + 39*c - 1147. Determine s(-59).
33
Let u(x) = -x**3 - 63*x**2 - 3*x - 173. Give u(-63).
16
Let s(i) = -5*i**2 - 6*i + 12. Give s(3).
-51
Let x(i) = 13*i**2 + 260*i - 19. Determine x(-20).
-19
Let v(h) = h**3 + 60*h**2 + 28*h - 1689. Calculate v(-59).
140
Let y(h) = 2*h**3 + 53*h**2 - 89*h - 135. Determine y(-28).
5
Let c(b) = b**3 - 4*b**2 + 7*b + 5. Calculate c(2).
11
Let q(o) = 11*o - 242. Determine q(36).
154
Let v(h) = -h**2 - 188*h + 13076. Give v(54).
8
Let y(a) = -300*a - 244. What is y(-3)?
656
Let j(n) = n**2 - 34*n - 294. What is j(40)?
-54
Let o(f) = -f**3 + 17*f**2 - 91*f + 503. Give o(13).
-4
Let u(x) = 4*x**2 + 18*x + 41. Calculate u(-4).
33
Let v(f) = 18*f + 110. Give v(-6).
2
Let g(w) = -32*w - 376. What is g(-12)?
8
Let s(t) = -3*t**3 + 191*t**2 - 123*t - 155. Calculate s(63).
34
Let p(u) = -42*u + 1357. Determine p(32).
13
Let c(p) = 2*p**3 + 166*p**2 + 161*p - 252. Determine c(-82).
-6
Let j(n) = 48*n**2 - 66*n + 26. Give j(1).
8
Let n(m) = m**2 + 52*m - 164. What is n(-55)?
1
Let g(w) = 3*w**3 + 3*w**2 + 19*w - 133. Give g(5).
412
Let o(k) = k**3 - 40*k**2 + 252*k + 88. Calculate o(32).
-40
Let c(z) = 259*z - 13737. Give c(53).
-10
Let t(k) = k**3 + k**2 - 25*k + 59. Determine t(-8).
-189
Let z(w) = -2*w**2 - 127*w + 2817. Calculate z(-81).
-18
Let v(d) = 249*d + 1492. Give v(-6).
-2
Let a(z) = -31*z + 228. Determine a(17).
-299
Let d(w) = -w**2 - 20*w + 91. Calculate d(4).
-5
Let s(h) = h**3 + 34*h**2 + 27*h - 1187. Determine s(-32).
-3
Let n(y) = 12*y**3 - 11*y + 11. Calculate n(1).
12
Let u(s) = 35*s + 492. Calculate u(-9).
177
Let o(f) = 2*f**3 + 21*f**2 + 25*f + 14. Give o(-10).
-136
Let u(j) = 37*j - 135. Determine u(5).
50
Let k(r) = 44*r + 485. What is k(-14)?
-131
Let w(x) = -x**3 - 2*x**2 + 10*x - 47. Give w(-6).
37
Let k(s) = -18516*s + 18522. Calculate k(1).
6
Let x(d) = -145*d**2 - 244*d + 66. Give x(-2).
-26
Let b(d) = d**2 + 270*d - 3674. What is b(13)?
5
Let r(v) = -v**3 - 8*v + 40. What is r(3)?
-11
Let k(x) = 626*x + 1002. What is k(-1)?
376
Let l(t) = t**3 + 20*t**2 - 21*t + 16. Calculate l(-21).
16
Let q(x) = -55*x + 39. What is q(2)?
-71
Let d(x) = 2*x**2 + 130*x + 861. Give d(-8).
-51
Let y(f) = f**2 + 64*f + 598. Calculate y(-12).
-26
Let k(p) = p**2 - 60*p - 221. Determine k(63).
-32
Let x(a) = a**3 + 32*a**2 - 158*a - 498. What is x(-36)?
6
Let h(n) = 14*n + 92. Give h(0).
92
Let v(i) = 3*i**2 + 51*i + 18. What is v(-15)?
-72
Let b(p) = 2*p**2 - 68*p + 123. Calculate b(32).
-5
Let y(i) = -2*i**3 + 3*i**2 - 15*i + 3. Calculate y(4).
-137
Let y(w) = -w**3 - 40*w**2 + 133*w + 151. Determine y(-43).
-21
Let k(i) = -i**3 - 33*i**2 + 65*i - 96. What is k(-35)?
79
Let j(c) = -c**3 - 11*c**2 - 13*c - 22. Determine j(-10).
8
Let c(p) = -p**2 + 92*p - 1822. What is c(28)?
-30
Let o(i) = i**3 + 20*i**2 + 381*i + 6214. Give o(-18).
4
Let j(f) = -f**3 + 80*f**2 - 310*f + 361. Give j(76).
-95
Let w(z) = 4*z**3 + 26*z**2 - 7*z - 48. What is w(-7)?
-97
Let k(a) = 245*a - 30622. What is k(125)?
3
Let o(x) = 1024*x + 1020. Determine o(-1).
-4
Let g(f) = 5215*f - 10471. What is g(2)?
-41
Let g(c) = -c**3 - 5*c**2 + 27*c - 89. What is g(4)?
-125
Let t(m) = m**3 - 4*m**2 - 3*m + 4. Give t(3).
-14
Let d(m) = -73*m - 3354. What is d(-46)?
4
Let x(z) = z**3 + 26*z**2 - 6*z - 21. What is x(-26)?
135
Let x(z) = -71*z**3 + 3*z**2 - 6*z - 8. Calculate x(-1).
72
Let q(d) = -2*d**3 + 46*d**2 - 2*d + 12. Give q(23).
-34
Let m(b) = b**3 + 13*b**2 - 58*b - 181. Calculate m(-16).
-21
Let t(l) = -13*l**3 - 111*l**2 - 26*l - 14. Determine t(-8).
-254
Let b(a) = -20*a**2 - 44*a + 64. Give b(1).
0
Let l(s) = 2*s**2 + 42*s + 211. Determine l(-12).
-5
Let o(j) = j**3 + 52*j**2 - 61*j - 378. Calculate o(-53).
46
Let i(a) = -15*a**2 + 19*a - 4. What is i(3)?
-82
Let d(z) = 3*z**3 - 47*z**2 + 31*z - 174. What is d(15)?
-159
Let m(f) = 104*f + 12280. Calculate m(-118).
8
Let k(l) = 3*l**2 + 157*l - 265. Give k(-54).
5
Let o(p) = 1685*p + 1687. Give o(-1).
2
Let r(k) = 3*k**2 - 92*k + 4. Determine r(31).
35
Let w(i) = 4*i**2 - 38*i - 56. Give w(11).
10
Let f(u) = -66*u + 3641. Calculate f(55).
11
Let t(k) = -k**3 + 31*k**2 + 9*k - 170. Calculate t(31).
109
Let f(i) = 6*i + 39. Calculate f(11).
105
Let f(a) = 5*a**2 + 3939*a - 15834. Give f(4).
2
Let i(k) = -3*k**3 + 26*k**2 - 12*k + 6. What is i(8)?
38
Let l(x) = x**2 - 49*x + 53. Calculate l(41).
-275
Let r(a) = -a**3 + 121*a + 6. Calculate r(-10).
-204
Let j(m) = 7*m**2 + 107*m - 53. Calculate j(-16).
27
Let r(t) = -7*t + 63. Calculate r(6).
21
Let n(d) = 3*d**3 + 19*d**2 - 41*d + 19. Determine n(-9).
-260
Let v(l) = -30*l - 590. Determine v(-17).
-80
Let x(y) = 230*y + 459. What is x(-2)?
-1
Let x(n) = 40*n - 1701. What is x(43)?
19
Let u(r) = -892*r - 7112. What is u(-8)?
24
Let r(a) = -15*a + 516. Calculate r(35).
-9
Let a(x) = 342*x**3 - 6*x**2 - 4*x - 2. Determine a(-1).
-346
Let v(t) = 21*t - 957. Give v(46).
9
Let a(t) = -15*t - 441. Determine a(-35).
84
Let i(p) = 778*p**2 - 1568*p - 2. What is i(2)?
-26
Let t(z) = 300*z + 2790. Calculate t(-9).
90
Let p(v) = -5*v**3 - 7*v**2 + 3*v + 27. Give p(5).
-758
Let x(f) = -f**3 - 11*f**2 + 5*f - 36. Give x(-12).
48
Let b(i) = i**2 + 11*i + 14. What is b(-9)?
-4
Let m(l) = -2*l**2 + 27*l + 17. Determine m(10).
87
Let r(d) = -d**3 - 7*d**2 + 38*d + 30. What is r(-13)?
550
Let i(b) = -b**2 + 64*b - 174. Calculate i(62).
-50
Let p(g) = -203*g + 4467. What is p(22)?
1
Let h(r) = -r**2 + 284*r + 11198. Calculate h(-35).
33
Let d(l) = -13*l**2 + 264*l + 63. Calculate d(20).
143
Let k(m) = -m**3 + 147*m**2 - 15*m + 2251. Give k(147).
46
Let j(z) = z**2 + 11*z + 19. Determine j(-5).
-11
Let w(j) = -3*j**2 + 21*j + 64. What is w(9)?
10
Let w(j) = -5*j**2 - 3*j - 78. Give w(9).
-510
Let j(v) = 2*v**3 + v**2 - v - 5. Give j(-2).
-15
Let u(s) = -213*s + 14547. What is u(68)?
63
Let l(a) = 2*a**3 - 2*a**2 - 10*a + 18. Give l(0).
18
Let n(x) = -157*x + 1087. Calculate n(7).
-12
Let u(h) = 37*h**3 - 4*h**2 + 36*h - 62. Give u(2).
290
Let j(h) = 675*h - 675. What is j(1)?
0
Let g(w) = -w**3 - 8*w**2 - 7*w - 2. Determine g(-7).
-2
Let y(p) = p**2 - 12*p - 31. Calculate y(12).
-31
